{"id":42,"date":"2016-10-11T21:24:12","date_gmt":"2016-10-11T20:24:12","guid":{"rendered":"http:\/\/astrodescartes.fr\/?page_id=42"},"modified":"2016-11-01T01:42:14","modified_gmt":"2016-11-01T00:42:14","slug":"atelier-2013-etoiles-plein-yeux","status":"publish","type":"page","link":"https:\/\/astrodescartes.fr\/?page_id=42","title":{"rendered":"Atelier 2013 : Des \u00e9toiles plein les yeux!"},"content":{"rendered":"<p>Sortie \u00e0 l&rsquo;Observatoire de Meudon avec notre Parrain M. Lecocguen, que l&rsquo;on voit r\u00e9gler le c\u0153lostat.<\/p>\n<p><a href=\"http:\/\/astrodescartes.fr\/wp-content\/uploads\/2016\/10\/IMG_8431.jpg\"><img loading=\"lazy\" decoding=\"async\" class=\"alignnone size-medium wp-image-192\" src=\"http:\/\/astrodescartes.fr\/wp-content\/uploads\/2016\/10\/IMG_8431-300x200.jpg\" alt=\"img_8431\" width=\"300\" height=\"200\" srcset=\"https:\/\/astrodescartes.fr\/wp-content\/uploads\/2016\/10\/IMG_8431-300x200.jpg 300w, https:\/\/astrodescartes.fr\/wp-content\/uploads\/2016\/10\/IMG_8431-768x512.jpg 768w, https:\/\/astrodescartes.fr\/wp-content\/uploads\/2016\/10\/IMG_8431-1024x683.jpg 1024w\" sizes=\"auto, (max-width: 300px) 100vw, 300px\" \/><\/a><\/p>\n<p><a href=\"http:\/\/astrodescartes.fr\/wp-content\/uploads\/2016\/10\/IMG_8439-1.jpg\"><img loading=\"lazy\" decoding=\"async\" class=\"alignnone size-medium wp-image-194\" src=\"http:\/\/astrodescartes.fr\/wp-content\/uploads\/2016\/10\/IMG_8439-1-300x200.jpg\" alt=\"img_8439\" width=\"300\" height=\"200\" srcset=\"https:\/\/astrodescartes.fr\/wp-content\/uploads\/2016\/10\/IMG_8439-1-300x200.jpg 300w, https:\/\/astrodescartes.fr\/wp-content\/uploads\/2016\/10\/IMG_8439-1-768x512.jpg 768w, https:\/\/astrodescartes.fr\/wp-content\/uploads\/2016\/10\/IMG_8439-1-1024x683.jpg 1024w\" sizes=\"auto, (max-width: 300px) 100vw, 300px\" \/><\/a><\/p>\n<p><a href=\"http:\/\/astrodescartes.fr\/wp-content\/uploads\/2016\/10\/IMG_8542-e1477960753139.jpg\"><img loading=\"lazy\" decoding=\"async\" class=\"alignnone size-medium wp-image-195\" src=\"http:\/\/astrodescartes.fr\/wp-content\/uploads\/2016\/10\/IMG_8542-e1477960753139-200x300.jpg\" alt=\"img_8542\" width=\"200\" height=\"300\" srcset=\"https:\/\/astrodescartes.fr\/wp-content\/uploads\/2016\/10\/IMG_8542-e1477960753139-200x300.jpg 200w, https:\/\/astrodescartes.fr\/wp-content\/uploads\/2016\/10\/IMG_8542-e1477960753139-768x1152.jpg 768w, https:\/\/astrodescartes.fr\/wp-content\/uploads\/2016\/10\/IMG_8542-e1477960753139-683x1024.jpg 683w\" sizes=\"auto, (max-width: 200px) 100vw, 200px\" \/><\/a><\/p>\n<p><a href=\"http:\/\/astrodescartes.fr\/wp-content\/uploads\/2016\/10\/IMG_8563.jpg\"><img loading=\"lazy\" decoding=\"async\" class=\"alignnone size-medium wp-image-196\" src=\"http:\/\/astrodescartes.fr\/wp-content\/uploads\/2016\/10\/IMG_8563-200x300.jpg\" alt=\"img_8563\" width=\"200\" height=\"300\" srcset=\"https:\/\/astrodescartes.fr\/wp-content\/uploads\/2016\/10\/IMG_8563-200x300.jpg 200w, https:\/\/astrodescartes.fr\/wp-content\/uploads\/2016\/10\/IMG_8563-768x1152.jpg 768w, https:\/\/astrodescartes.fr\/wp-content\/uploads\/2016\/10\/IMG_8563-683x1024.jpg 683w\" sizes=\"auto, (max-width: 200px) 100vw, 200px\" \/><\/a><\/p>\n<p>Bilan de l&rsquo;ann\u00e9e :<\/p>\n<p><a href=\"http:\/\/astrodescartes.fr\/wp-content\/uploads\/2016\/10\/Des-\u00e9toiles-plein-les-yeux-2013-2014.pdf\">des-etoiles-plein-les-yeux-2013-2014<\/a><\/p>\n","protected":false},"excerpt":{"rendered":"<p>Sortie \u00e0 l&rsquo;Observatoire de Meudon avec notre Parrain M. Lecocguen, que l&rsquo;on voit r\u00e9gler le c\u0153lostat. Bilan de l&rsquo;ann\u00e9e : des-etoiles-plein-les-yeux-2013-2014<\/p>\n","protected":false},"author":1,"featured_media":0,"parent":0,"menu_order":0,"comment_status":"closed","ping_status":"closed","template":"","meta":{"footnotes":""},"class_list":["post-42","page","type-page","status-publish","czr-hentry"],"_links":{"self":[{"href":"https:\/\/astrodescartes.fr\/index.php?rest_route=\/wp\/v2\/pages\/42","targetHints":{"allow":["GET"]}}],"collection":[{"href":"https:\/\/astrodescartes.fr\/index.php?rest_route=\/wp\/v2\/pages"}],"about":[{"href":"https:\/\/astrodescartes.fr\/index.php?rest_route=\/wp\/v2\/types\/page"}],"author":[{"embeddable":true,"href":"https:\/\/astrodescartes.fr\/index.php?rest_route=\/wp\/v2\/users\/1"}],"replies":[{"embeddable":true,"href":"https:\/\/astrodescartes.fr\/index.php?rest_route=%2Fwp%2Fv2%2Fcomments&post=42"}],"version-history":[{"count":4,"href":"https:\/\/astrodescartes.fr\/index.php?rest_route=\/wp\/v2\/pages\/42\/revisions"}],"predecessor-version":[{"id":197,"href":"https:\/\/astrodescartes.fr\/index.php?rest_route=\/wp\/v2\/pages\/42\/revisions\/197"}],"wp:attachment":[{"href":"https:\/\/astrodescartes.fr\/index.php?rest_route=%2Fwp%2Fv2%2Fmedia&parent=42"}],"curies":[{"name":"wp","href":"https:\/\/api.w.org\/{rel}","templated":true}]}}